{"id":2332,"date":"2022-11-23T09:44:09","date_gmt":"2022-11-23T07:44:09","guid":{"rendered":"https:\/\/covesdelespluga.info\/edat-del-bronze\/"},"modified":"2024-08-06T09:20:39","modified_gmt":"2024-08-06T07:20:39","slug":"edat-del-bronze","status":"publish","type":"page","link":"https:\/\/covesdelespluga.info\/es\/historia\/edat-del-bronze\/","title":{"rendered":"La edad de Bronce"},"content":{"rendered":"<div class=\"full-bleed imatge-destacada  pb-4-desktop pb-4-tablet pb-4-mobile\"> \n    \n                <figure>\n                <img loading=\"lazy\" decoding=\"async\" width=\"1920\" height=\"600\" src=\"https:\/\/covesdelespluga.info\/wp-content\/uploads\/sites\/2\/2022\/12\/D76K4110-Agulles-de-bronze.-aspect-ratio-1920-600.jpg\" class=\"attachment-full size-full\" alt=\"\" \/>            <\/figure>\n        \n    \n<\/div>\n\n\n\n    <div class=\"max-width--70 mt-4-desktop pb-4-desktop pb-4-tablet pb-2-mobile capcalera  \">\n        <h3> Un dep\u00f3sito de objetos de bronce<\/h3>    <\/div>\n\n\n\n\n    <div class=\"is-flex-tablet  mb-4-desktop mb-4-tablet mb-2-mobile   seccio\">\n        <div class=\"columns   is-multiline is-variable is-6 max-width--70 is-flex-grow-1  \">\n            \n\n<div class=\"column  is-8\" >\n      \n<div class=\"tinymce max-width--60  pb-4-desktop pb-4-tablet pb-2-mobile flow\">\n    <p>En 1957, apenas abierta la entrada de la Cueva de la Font Major, se document\u00f3 un conjunto de objetos de bronce formado por un total de seis piezas: un pu\u00f1al, un hacha de bordillos, una espada de peque\u00f1as dimensiones, fragmentos de hojas de arma y dos agujas de cabeza plana finamente trabajadas. Cabe destacar la singularidad de las agujas, que encuentran la mayor parte de sus paralelos en Saboya y el Jura franceses posiblemente de procedencia for\u00e1nea (Francia), en contextos datables en los siglos IX-VIII aC. La presencia agrupada de este conjunto de elementos y su deposici\u00f3n intencional en un peque\u00f1o espacio situado a s\u00f3lo 50 metros de la entrada de la cueva de la Font Major, nos indica muy probablemente la existencia de un dep\u00f3sito de car\u00e1cter votivo o ritual, que se puede interpretar a modo de cenotafio u ofrenda postmortem.<\/p>\n<\/div>\n\n\n<\/div>\n\n\n\n<div class=\"column  \" >\n      \n<div class=\"tinymce max-width--60  pb-4-desktop pb-4-tablet pb-2-mobile flow\">\n    <p class=\"highlighted-p-3\">Objetos de bronce formado por un total de seis piezas.<\/p>\n<\/div>\n\n\n<\/div>\n\n \n        <\/div>        \n    <\/div>\n\n\n","protected":false},"excerpt":{"rendered":"","protected":false},"author":1,"featured_media":0,"parent":2389,"menu_order":87,"comment_status":"closed","ping_status":"closed","template":"layouts\/menu-lateral.php","meta":{"footnotes":""},"class_list":["post-2332","page","type-page","status-publish","hentry"],"acf":[],"_links":{"self":[{"href":"https:\/\/covesdelespluga.info\/es\/wp-json\/wp\/v2\/pages\/2332"}],"collection":[{"href":"https:\/\/covesdelespluga.info\/es\/wp-json\/wp\/v2\/pages"}],"about":[{"href":"https:\/\/covesdelespluga.info\/es\/wp-json\/wp\/v2\/types\/page"}],"author":[{"embeddable":true,"href":"https:\/\/covesdelespluga.info\/es\/wp-json\/wp\/v2\/users\/1"}],"replies":[{"embeddable":true,"href":"https:\/\/covesdelespluga.info\/es\/wp-json\/wp\/v2\/comments?post=2332"}],"version-history":[{"count":2,"href":"https:\/\/covesdelespluga.info\/es\/wp-json\/wp\/v2\/pages\/2332\/revisions"}],"predecessor-version":[{"id":2467,"href":"https:\/\/covesdelespluga.info\/es\/wp-json\/wp\/v2\/pages\/2332\/revisions\/2467"}],"up":[{"embeddable":true,"href":"https:\/\/covesdelespluga.info\/es\/wp-json\/wp\/v2\/pages\/2389"}],"wp:attachment":[{"href":"https:\/\/covesdelespluga.info\/es\/wp-json\/wp\/v2\/media?parent=2332"}],"curies":[{"name":"wp","href":"https:\/\/api.w.org\/{rel}","templated":true}]}}

<div class="full-bleed imatge-destacada  pb-4-desktop pb-4-tablet pb-4-mobile"> 
    
                <figure>
                <img loading="lazy" decoding="async" width="1920" height="600" src="https://covesdelespluga.info/wp-content/uploads/sites/2/2022/12/D76K4110-Agulles-de-bronze.-aspect-ratio-1920-600.jpg" class="attachment-full size-full" alt="" />            </figure>
        
    
</div>



    <div class="max-width--70 mt-4-desktop pb-4-desktop pb-4-tablet pb-2-mobile capcalera  ">
        <h3> Un depósito de objetos de bronce</h3>    </div>




    <div class="is-flex-tablet  mb-4-desktop mb-4-tablet mb-2-mobile   seccio">
        <div class="columns   is-multiline is-variable is-6 max-width--70 is-flex-grow-1  ">
            

<div class="column  is-8" >
      
<div class="tinymce max-width--60  pb-4-desktop pb-4-tablet pb-2-mobile flow">
    <p>En 1957, apenas abierta la entrada de la Cueva de la Font Major, se documentó un conjunto de objetos de bronce formado por un total de seis piezas: un puñal, un hacha de bordillos, una espada de pequeñas dimensiones, fragmentos de hojas de arma y dos agujas de cabeza plana finamente trabajadas. Cabe destacar la singularidad de las agujas, que encuentran la mayor parte de sus paralelos en Saboya y el Jura franceses posiblemente de procedencia foránea (Francia), en contextos datables en los siglos IX-VIII aC. La presencia agrupada de este conjunto de elementos y su deposición intencional en un pequeño espacio situado a sólo 50 metros de la entrada de la cueva de la Font Major, nos indica muy probablemente la existencia de un depósito de carácter votivo o ritual, que se puede interpretar a modo de cenotafio u ofrenda postmortem.</p>
</div>


</div>



<div class="column  " >
      
<div class="tinymce max-width--60  pb-4-desktop pb-4-tablet pb-2-mobile flow">
    <p class="highlighted-p-3">Objetos de bronce formado por un total de seis piezas.</p>
</div>


</div>

 
        </div>        
    </div>
